56 - -276. List the prime factors of i.
2, 3, 5
Let z = 240 - 165. List the prime factors of z.
3, 5
Let c(d) = d**3 - d**2 + 3. Let y be c(0). Suppose -32 = y*r - 7*r. List the prime factors of r.
2
Let v be (-2)/8 - 42/(-8). Suppose -v*n + 3*u + 10 = 0, 2*n - 3 = -5*u + 1. What are the prime factors of n?
2
Let y = 2 + 1. Suppose 29 = k - 4*r, 0 = k + y*r - 9 - 13. Suppose k = o + 7. List the prime factors of o.
2, 3
Let n = 23 + -11. Suppose 6 = f - n. List the prime factors of f.
2, 3
Let w(r) = r**2 + 6*r - 32. What are the prime factors of w(14)?
2, 31
Let n = 55 - 52. List the prime factors of n.
3
Let y = 3 + -2. Let m = 3 + y. List the prime factors of m.
2
Let o be 3 + 2/((-6)/(-3)). List the prime factors of 2/4 - (-30)/o.
2
Let p be (-4)/(-6) - 172/(-12). Suppose 4*j = -j - p, 0 = -2*k + 3*j + 15. Suppose -5*b = -3*c + 35 - 5, -4*c = k*b - 11. What are the prime factors of c?
5
Let p = 6 + -7. What are the prime factors of 12 + 3/(-2 - p)?
3
Let q = 41 + -21. What are the prime factors of ((-30)/(-12))/(2/q)?
5
Suppose -4*a + 2*l + 122 = 0, -3*a + l - 7 = -98. List the prime factors of a.
2, 3, 5
Let d = -6 + 11. Let l(i) = -i**3 + 5*i**2 + 5*i - 5. What are the prime factors of l(d)?
2, 5
Let q = -60 - -39. Let a = q - -8. What are the prime factors of 0*2/2 - a?
13
Let d = 83 - 18. What are the prime factors of d?
5, 13
Let d(r) = -13*r - 12. What are the prime factors of d(-7)?
79
Suppose -3*z = -6*z. Let s(l) = 8*l**3 - 2*l**2 + 2*l + 2. Let a be s(2). Suppose -5*b + 3*x + a = -x, 5*b + x - 47 = z. List the prime factors of b.
2, 5
Let c(w) = w + 6. Let l be c(-6). Suppose l = -b + 2*b - 34. Suppose -5*f + 26 + b = 0. What are the prime factors of f?
2, 3
Suppose 5*l - 10 = 0, 0 = -5*b - 4*l - 14 + 37. Suppose -2*n + 4*i + 36 + 16 = 0, b*n - 3*i = 81. Let c = n + -15. List the prime factors of c.
13
Suppose t - 80 = 3*t. What are the prime factors of ((-162)/45)/(6/t)?
2, 3
Suppose 3*z - 2*z + 2*f - 25 = 0, 70 = 3*z + 5*f. What are the prime factors of z?
3, 5
Let n be (20/12)/((-1)/(-3)). Let t = n + -3. What are the prime factors of t?
2
List the prime factors of (-265)/(-2)*54/45.
3, 53
Let j = -1 + 4. Suppose j*f + 54 = 3*c, -3*c - 2*f - 2*f + 47 = 0. List the prime factors of c.
17
Let m = 61 + -35. Suppose -4*f + x + 37 = 0, -4*x + x = f - 19. Suppose -36 = -2*z - 4*p, 4*z - 4*p - f = m. List the prime factors of z.
2, 3
Let r = 47 + -43. Let y = -2 + 6. Suppose 3*z + 12 = r*v, -y*z + 17 = -v + 7. List the prime factors of v.
2, 3
Suppose 4*k + 15 = 203. List the prime factors of k.
47
Let x(z) = -z**2 + 9*z. Let v(n) = n**2 - 4*n + 2. Let i be v(5). Let r be x(i). Suppose r + 4 = 3*q. List the prime factors of q.
2, 3
Suppose 2*t = -2*f + 58, 3*t + 9*f = 7*f + 84. List the prime factors of t.
2, 13
Suppose 72*n + 450 = 74*n. List the prime factors of n.
3, 5
List the prime factors of -1*1 + 4/(-2)*-54.
107
Let t(x) = -x**3 + 2*x**2 + 2*x + 3. Let l be t(3). Let p be l*(-2)/(-12)*-2. Suppose 3*b + 18 = -p*u + 2*u, -16 = 4*b. What are the prime factors of u?
3
Suppose -3*x - 40 = -4*a, 2*a - 4*a = x. Let w = 13 + x. Suppose -15 = -5*g - w*k, -2*g = g - 5*k - 25. List the prime factors of g.
5
Let i be (56/(-20))/((-1)/15). Suppose -3*p = 3 - i. What are the prime factors of p?
13
Let o(h) = h**3 + 4*h**2 - 6*h + 7. Let n be o(-5). Suppose -2*t - 4*a - 18 = 0, 4*t + 3*a - a + n = 0. Let m = t - -5. List the prime factors of m.
2
What are the prime factors of (-9)/36 + (-34)/(-8)?
2
Let j(p) be the second derivative of 19*p**4/12 - p**3/6 - p. What are the prime factors of j(1)?
2, 3
Let b(u) = -u**2 - u + 5. Let r(g) = -g**2 - 2*g - 1. Let i be r(-1). Let l be b(i). Suppose -n + 28 = -l*f, 0*n + 4*f = 2*n - 26. List the prime factors of n.
3
Suppose 3*s + 3*v - 1 = 2, -s = -3*v + 7. What are the prime factors of (s + (-2)/(-3))*-33?
11
Suppose -1 = -3*b + 5. Suppose 3*m + 17 - 55 = 2*u, -b*m + 4*u + 12 = 0. Suppose 0 = 4*y - 44 - m. What are the prime factors of y?
3, 5
Let h(a) = 2*a + 0*a - a + a**2 + 4. List the prime factors of h(-3).
2, 5
Let x be (-6)/4*(-32)/12. Let m(p) = 2*p**2 - 4*p + 4. List the prime factors of m(x).
2, 5
Suppose 3*i + 2*i - 2*l - 895 = 0, 3*i + 3*l = 537. List the prime factors of i.
179
Let j(f) = -4*f. Let u be j(-1). List the prime factors of 6*2/u - -1.
2
Let q(k) = 0*k**3 + 7*k**2 - k**2 - 6 + 6*k + k**3 - 1. Let h be q(-5). What are the prime factors of (21/h)/1*-4?
7
Let c = 70 + -48. List the prime factors of (c/(-3))/((-8)/12).
11
Let u(d) = d**3 - 9*d**2 - 10. Let p be u(9). Let n be 8/p + 4/(-20). Let g = 16 + n. List the prime factors of g.
3, 5
Suppose 6*a + 3 - 75 = 0. Suppose -3*d = -4*d + a. What are the prime factors of d?
2, 3
Let t(z) = 36*z - 19. List the prime factors of t(5).
7, 23
Let c = -7 - -33. What are the prime factors of c?
2, 13
Let t = 6 - 6. Suppose t = -3*a - 12, 30 = 2*q + a - 2*a. List the prime factors of q.
13
Suppose -r + 5*r + 8 = 0. Let j = r + 2. Suppose 20 = -0*d + 2*d - 5*p, 2*p = j. What are the prime factors of d?
2, 5
Suppose 220 = s + 4*s. List the prime factors of s.
2, 11
What are the prime factors of (-800)/(-14) - (-9)/(-63)?
3, 19
Suppose 0 = -4*o - 42 - 18. List the prime factors of ((-6)/o)/(2/140).
2, 7
Let r be 93*(-2 + (-14)/(-6)). Suppose 4*t = -r - 1. Let j = t + 20. What are the prime factors of j?
2, 3
Let o(a) = 9*a - 5. Let l(i) = -i. Let r be l(-3). List the prime factors of o(r).
2, 11
Suppose -5*w - x - 2 = 0, -2*x = -10*w + 5*w + 4. Let s be (0 + w)*1/(-2). What are the prime factors of (-20)/(-4)*(1 + s)?
5
Suppose -3*b = -2*b - 36. What are the prime factors of b?
2, 3
Let r(k) = 6 - 1 + 2 - 3*k + 0. Let v be r(-6). List the prime factors of (10/v)/((-1)/(-35)).
2, 7
Suppose -4*z + 8 = -4*v, 3*z = 4*v + 10 - 3. Let u(f) = -f**3 + 7*f**2 - 4*f. Let p be u(6). Let k = p - z. What are the prime factors of k?
11
Suppose -3*u + 7*u + 2*w = 136, 0 = -3*u - w + 103. List the prime factors of u.
5, 7
Let k(c) = 15*c**2 - c. Let p(q) = -q**2 + 4*q + 5. Let s be p(5). Suppose s = -2*w - 0 - 2. List the prime factors of k(w).
2
Let x = -15 + 32. List the prime factors of x.
17
Let o(i) = 8*i**2 - 7*i + 8. Let h(l) = l**2 - l + 1. Let b(w) = -6*h(w) + o(w). List the prime factors of b(-4).
2, 19
Let b(r) be the third derivative of 0 + 1/24*r**4 + 1/2*r**3 + 0*r + 2*r**2. What are the prime factors of b(0)?
3
Let m = 17 + -25. Let b = m - -18. What are the prime factors of b?
2, 5
Let a(p) = -p + 4. Let u(s) be the third derivative of -s**4/12 + 3*s**3/2 + s**2. Let i(l) = -15*a(l) + 6*u(l). What are the prime factors of i(4)?
2, 3
Let d(i) = i**3 - 3*i**2 - 5*i + 4. Let n be d(4). Suppose -u - 3*u + 16 = n. Suppose 0*x + 5*x + 5*t - 40 = 0, 3*x - u*t = 45. List the prime factors of x.
11
Let s(w) = -3*w + 1. Let x be s(-1). Suppose -q = x*q + 20. Let n = q - -11. What are the prime factors of n?
7
Let t be 0 - 1 - (2 - 1). Let x be 0 + (-2 - (-6)/t). Let a = 13 + x. What are the prime factors of a?
2
Suppose -2*d - 7 = -3*f + 1, -5*d = -f + 7. What are the prime factors of ((-2 - 1) + f)*-6?
2, 3
Suppose 9*q - 6*q = 147. What are the prime factors of q?
7
Let n(o) = -2*o - 9. Let k(a) = -1. Let x(j) = 4*j + 16. Let l(d) = -2*k(d) + x(d). Let s(z) = -4*l(z) - 7*n(z). List the prime factors of s(-6).
3
Let u(b) = -b**2 + 7*b. Let w be u(-5). Let m = -40 - w. List the prime factors of m.
2, 5
Suppose 3 = -5*t + 6*t. Suppose 0 - 9 = -t*r. List the prime factors of r.
3
Let i = -33 + 23. Let v(q) = -3*q - 5. What are the prime factors of v(i)?
5
Let l(o) = 5*o**2 - o + 5 + 8*o**2 - o**3 + 5 - 6*o**2. Let v = -10 - -17. What are the prime factors of l(v)?
3
Let x = 2 - -4. What are the prime factors of (3 - x) + -1 + 13?
3
Let j = 5 - -4. Let g(h) = h + 5. What are the prime factors of g(j)?
2, 7
Suppose 1 = -3*s - 8. Let r be s/(-6)*(-1 - -1). Suppose 5*b + r*b - 20 = 0. List the prime factors of b.
2
Suppose w - 2*w + 132 = 0. Suppose 3*j + 57 = 2*v, 5*v - w = 2*j + 2*j. What are the prime factors of v?
2, 3
Let r = -14 - -10. Suppose 0 = 5*q - 3*q + 14. Let j = r - q. What are the prime factors of j?
3
Let b(j) = -j**3 + 6*j**2 + 9*j - 7. Suppose 3*r + 21 + 23 = 5*x, x - 5*r = 22. Let l be b(x). Suppose -2*v + 3*v = l. What are the pri